9 - 4*p. What is b(5)?
1
Suppose -2*u + 10 = 4*p, -4*u - 5*p = u. Let j(z) = -7 + z + 8 + 0*z. What is j(u)?
-4
Let i(p) = 2*p + 41. Let z be i(-19). Let x be 5/(15/(-4))*-3. Let k(d) = 0*d**2 - 1 - d**2 + x*d - 1. Calculate k(z).
1
Let g = 4 - 1. Let o(z) be the first derivative of -z**4/4 + 2*z**3/3 + 5*z**2/2 - 3*z - 12. What is o(g)?
3
Let q be (3/2)/(9/12). Suppose 5*d - q*d = 0. Let c(r) be the second derivative of -r**4/12 - r**3/6 + 7*r**2/2 - 32*r. Calculate c(d).
7
Let x be 7/2 + (-27)/(-18). Let c(m) = -m + 3. Calculate c(x).
-2
Let r(o) = 11*o + 5. Let x(c) = 22*c + 5. Let g(q) = 22*q + 4. Let n(d) = -4*g(d) + 5*x(d). Let f(v) = 4*n(v) - 7*r(v). Determine f(-1).
-10
Let n(v) = -8*v + 0*v**3 + 2*v + 1 - v**3 - 7*v**2 - 5. Calculate n(-6).
-4
Let f = 4 + 0. Suppose 16 + 0 = -f*c. Let g(y) = -y**2 - 3*y + 4. Give g(c).
0
Let t = 2 + 3. Suppose 0 = -4*m - d + 15, -9 - 1 = -5*m - 3*d. Suppose -m = t*a - 0. Let b(f) = -8*f**3 + f**2. Give b(a).
9
Let d(z) = -z**3 + 4*z**2 + 4*z + 7. Let j be d(5). Let w(m) = m + 2. Let v(o) = -6*o - 11. Let s(f) = j*v(f) + 11*w(f). Give s(-4).
4
Let w(i) = 1. Let h(s) = 2*s - 10. Let q = 0 + -1. Let c(r) = q*h(r) - 8*w(r). Give c(3).
-4
Let z = 1 + -1. Suppose z*i = i + 5. Let a(x) = -5*x**2 + 11*x**2 - 5*x**2 + 4*x. Determine a(i).
5
Let s(y) = -y**2 + 2. Let l = 6 - 7. Let g be l - 1 - (-2 - 2). What is s(g)?
-2
Let c(f) = f + 12. Let y be c(-17). Let k(z) = 3*z + 3. Determine k(y).
-12
Let v(i) = i**3 - 6*i**2 + 5. Suppose 3*r + l - 27 = 24, -l + 35 = 2*r. Let p = r - 11. Suppose -p*k + 11 = -19. Give v(k).
5
Let o be -1*(-3)/(-6)*2. Let s(c) = -c**3 + c + 2. Let h be s(0). Let u(m) = -2*m**h - m**2 + 3 - 2 + m. Calculate u(o).
-3
Suppose 0 = -5*z + 4*f - 26, -2*z - 3*f + 2 = 3*z. Let y be -1 + (-2 - z/2). Let c(n) = 4*n + 2. Let l(m) = -m**2 + m + 1. Let t(w) = c(w) - 2*l(w). Give t(y).
4
Let i(y) be the second derivative of y**6/60 - y**5/30 - y**4/8 + y**3/3 - 5*y**2 + 7*y. Let u(b) be the first derivative of i(b). Give u(2).
4
Let r = -5 + 7. Let j(a) = -2*a**3 + 4*a**2 - 4*a + 2. Determine j(r).
-6
Suppose 0 = 4*s + 5 - 13. Let j(g) = g - 2*g + 4 + s*g. Suppose m = -2*a + 8, 2*a + 3*m - 18 = -2*a. Give j(a).
7
Let d = -45 - -41. Let p(q) = 4*q**2 + 3*q + 4. Let k(h) = 5*h**2 + 2*h + 5. Let j(m) = -3*k(m) + 4*p(m). Determine j(d).
-7
Let g(y) = 0 + 40*y - 2 - 46*y - 4*y**2 + y**3. Give g(5).
-7
Let u(l) = -l - 1. Let s(w) = 9*w + 5. Let y(h) = -s(h) - 6*u(h). Calculate y(-2).
7
Let u(n) = n. Suppose 5*t - 10 = -30. Suppose 2*x - 4*f = -32, -2*x - 6*f + f = 5. Let i be (-55)/x - (-2)/t. Give u(i).
5
Let a = 5 - 8. Let n(z) = z**2 - 3. Let s be n(a). Suppose 3*g = s*g + 15. Let x(u) = u**3 + 6*u**2 + 3*u - 7. What is x(g)?
3
Let a = -8 - -6. Let x be (-38)/(-14) - (-8)/28. Let r = x + a. Let d(n) = 4*n. What is d(r)?
4
Let m(x) be the second derivative of -7*x + 1/12*x**4 + 1/2*x**2 + 0 - x**3. Calculate m(4).
-7
Let d = 13 + -8. Suppose -d*n + 17 = -3*u, 3*n + 5*u = 4*u - 1. Let r(c) = -4*c - 1. Determine r(n).
-5
Let u be 3/(30/(-9) + 3). Let n(b) = -b - 8. Calculate n(u).
1
Let l(s) be the first derivative of s**3/3 + s**2/2 + 7*s + 5. What is l(0)?
7
Suppose 4*o = 5*s + 14, -o = -4*o + 3*s + 9. Let q(c) = 5*c + 2*c - o - 5 - c**2 + 0*c. Calculate q(4).
6
Let t(d) = d + 5. Suppose -3*s + 7 = 5*m, -5*s = -2*m + m + 35. Let a be t(s). Let f(j) = -j**3 - 1. Determine f(a).
0
Let c(d) = 64*d**2 - 8*d - 36*d**2 - 27*d**2 + 10. Calculate c(7).
3
Let l(f) = 6*f. Let q be l(-1). Let n(z) = -2*z - 1. Let h(j) = -j. Let o(c) = 6*h(c) - 4*n(c). Determine o(q).
-8
Suppose -4*o = w - 17, 3*o - 2*w - 14 = -3*w. Suppose -q + o*q + 12 = 0. Let d(p) = -p**3 - 5*p**2 + 6*p - 5. What is d(q)?
-5
Let g(r) = 2*r + 8. Let b be g(-6). Let k be (0 - 0)/(3 + b). Let h(z) = -z**2 - z. Let l(o) = o**3 + 3*o**2 + 2*o + 7. Let v(c) = 2*h(c) + l(c). Give v(k).
7
Let b(x) = x**3 + 2*x**2 + 4*x + 6. Let a(u) = 2*u**3 + 5*u**2 + 9*u + 12. Let v(c) = 3*a(c) - 5*b(c). Calculate v(-4).
-6
Let t(d) be the second derivative of 1/3*d**3 + 1/2*d**4 + 0 + d + 1/2*d**2. Let u = 2 + -3. What is t(u)?
5
Let a(z) = 2*z + 9. Let c(g) = 7*g + 3. Let q(k) = 3*k + 2. Let f(v) = -2*c(v) + 5*q(v). Let o(d) = 3*a(d) - 5*f(d). Calculate o(-6).
1
Let c(k) = -k**2 - 9*k - 6. Let s be c(-6). Let m(i) = 6*i + 5*i + 4 - s*i. What is m(3)?
1
Let u be (-5)/15 + (-20)/(-6). Let p(y) = -3*y - y**3 - 2 + 3*y**u - y**3 + 0*y**2 + y**2. Calculate p(-2).
0
Let q = 26 - 24. Let n(g) = -g**q - 2*g - 3*g + 3*g - g + 4. Calculate n(-5).
-6
Let c(n) = -n**2 + 12*n - 10. Let s(o) = 3*o**2 - 34*o + 28. Let x(z) = -11*c(z) - 4*s(z). Let m = -17 - -12. Let h = m + 10. Calculate x(h).
-7
Let d(f) = -5 - 4*f**3 + 3*f - 6*f**2 + f**3 + 2*f**3 + 4*f**3. Let u(y) = -4*y**3 + 6*y**2 - 4*y + 4. Let q(w) = 3*d(w) + 2*u(w). What is q(6)?
-1
Let g(j) = j - 5. Suppose 35 - 10 = 5*n. Give g(n).
0
Let l = 9 + -6. Let p(f) = 0 + 1 - 2*f + 2 + l. Determine p(5).
-4
Let h(f) = -3*f**3 + 25*f**2 - 8*f + 25. Let v(z) = -z**3 + 8*z**2 - 3*z + 8. Let n(t) = -2*h(t) + 7*v(t). Let d be n(5). Let u(w) = -2*w + 5. Determine u(d).
-7
Suppose -2*o + 1 - 11 = -i, 4*o + 20 = 0. Let x(l) = -l**3 + i*l**3 - l - l + 3*l**2 + 1. Suppose -3*w + 9 = -3*p, -21 + 1 = -5*w. Give x(p).
1
Let d(y) be the third derivative of y**5/60 + y**4/24 - 3*y**3/2 - 7*y**2. Calculate d(0).
-9
Let z(a) be the second derivative of a**4/12 + a**3/2 + a**2 - a. Let o(d) = -2*d + 22. Let f be o(12). Determine z(f).
0
Let s(t) = 2*t**2 + 6*t + 4. Let f be s(-3). Let b(j) = -j**2 + 3*j - 4. Calculate b(f).
-8
Let y(f) = -1 - 2 + 2. Let j(p) be the third derivative of -p**4/12 - p**3/3 - 3*p**2. Let h(v) = j(v) - y(v). Give h(-4).
7
Let c(k) be the third derivative of -3*k**2 - 1/2*k**3 + 0*k + 0 + 1/8*k**4. Let g = -3 + 6. What is c(g)?
6
Let b(l) = l**3 - l**2 - l + 1. Let p(s) = -7*s**3 + s**2 + 2*s - 6. Let t = 6 + -5. Let n(f) = t*p(f) + 6*b(f). Give n(-4).
0
Let v(k) = 3*k + 2. Let j = -4 + 1. What is v(j)?
-7
Let i(x) = 3*x**2 - 6*x + 3. Let b(m) = -13*m**2 + 24*m - 11. Let n(u) = -2*b(u) - 9*i(u). Calculate n(5).
0
Let w(g) = g**3 - 8*g**2 + 2*g - 12. Let y be w(8). Let m(n) = 4 + 3*n - y*n**2 + 0*n**2 + 3*n**2. Give m(3).
4
Let c(m) = 2*m - 6. Let a be 3 - ((-1)/(-1))/(-1). Let x be c(a). Let w(g) = 4*g - 2. Give w(x).
6
Let r(j) = 2*j**2 + j. Let o = 48 + -49. Determine r(o).
1
Let x(h) = h**3 - 2*h**2 - h + 2. Suppose 2*m + m + 18 = 0. Let f = 8 + m. What is x(f)?
0
Let k(n) = -n**3 - 3*n**2 + 5*n - 2. Let y = 143 - 147. Calculate k(y).
-6
Let x(g) = g**2 - 2*g - 2. Let b be x(2). Let l(y) = 3*y**2 + 4*y - 1. Let r(u) = -16*u**2 - 21*u + 4. Let z(q) = b*r(q) - 11*l(q). What is z(-4)?
-5
Let r be (-4)/(-14) + (-12)/(-7). Let m(y) = 1 - 5*y + r*y + 2*y + 0*y. Calculate m(-5).
6
Let n(h) be the first derivative of -h**4/4 - 2*h**3 + 2*h + 4. Suppose 20 = -3*q - z, -3*z = 3*q - 0*z + 24. Determine n(q).
2
Let c = 8 + -14. Let x(n) be the second derivative of n**5/20 + n**4/2 - n**3/3 - 3*n**2 + n. What is x(c)?
6
Let t(m) = -m**2 + m - 7. Let g(v) = v**3 + 5*v**2 - 7*v - 6. Suppose 0*r + 3*r = -18. Let x be g(r). Determine t(x).
-7
Let m(y) = y**3 - 4*y**2 + 2*y - 5. Suppose 2*c + 10 = -3*c. Let h = c + 6. Calculate m(h).
3
Let u(h) = h + 2. Let k(v) = -7*v - 7. Let g(o) = -k(o) - 3*u(o). Calculate g(-2).
-7
Let g = 5 - 3. Let j(t) = 8 + 3 - 5*t + 5*t - g*t. Let l be j(8). Let o(x) = x**3 + 5*x**2 - 7. Determine o(l).
-7
Let n(k) = k + 1. Let v(b) = b**3 - 2*b**2 - 3*b - 3. Let c be v(3). Determine n(c).
-2
Let d(s) = -98 + 189 - 92 - 12*s**2 - 2*s. What is d(-1)?
-11
Let a(f) = -7*f**2 + 1495 - 1495 - f**3 - 6*f. Give a(-6).
0
Let p(c) = -c**3 + 4*c**2 - 3*c + 6. Let j be p(3). Let r(z) = z - 4. What is r(j)?
2
Let c(a) be the third derivative of a**9/60480 - a**8/5040 - a**7/720 + a**6/144 + a**5/20 + 2*a**2. Let v(w) be the third derivative of c(w). What is v(5)?
-5
Let w = 14 + -10. Let h(c) = 1 + 3*c - 4*c + w - 4. What is h(1)?
0
Let w(c) = -9*c**3 + 3*c + 3. Let q(b) = 13*b**3 - 4*b - 4. Let x(v) = 5*q(v) + 7*w(v). Determine x(-1).
-2
Let a(j) = 5*j**2 - 2*j - 4. Let y(f) = -14*f**2 + 5*f + 11. Let l(u) = 17*a(u) + 6*y(u). Determine l(3).
-5
Let n(z) = -2 - z + 0*z**3 - 3 - z**3 - z**2. Suppose 0 = 7*x - 2*x.